16) a prime number?
True
Suppose -22*b = 33259 - 182881. Is b a composite number?
True
Let p be 3/2*8/6. Let h = 78 + -74. Suppose 3*s - h*g - 98 = 0, -1 = -p*g + 7. Is s composite?
True
Suppose 3*t + 26 = 32. Suppose t*m - 133 = m. Is m a composite number?
True
Let v(f) = 6*f**3 - 8*f**2 + 21*f + 4. Is v(5) a composite number?
False
Suppose -3*b - b + 3*p + 12 = 0, -b - 12 = 3*p. Suppose -7*n + 1219 - 204 = b. Is n a prime number?
False
Let g be (5/15)/(-1 - (-10)/9). Suppose -3 = g*s, 4*b = 9*b - 4*s - 2679. Is b composite?
True
Let u = -4872 - -7076. Suppose -c = f - 439, -5*c + 0*f + 4*f + u = 0. Is c/12 + (-2)/(-6) composite?
False
Suppose -4*r + 0*r + 16 = 0. Suppose 137 = -r*y - 227. Let l = y + 608. Is l a prime number?
False
Let g(b) = 2490*b - 15. Let n be g(-2). Is n/(-7) - (-6)/126*-12 a composite number?
True
Suppose 5*z + 3*s = 27398, 5*z + s - 10683 = 16713. Is z prime?
True
Let b(r) = 12*r**2 - 4*r - 3*r**2 + 3*r**2 - 4. Let p be b(-5). Suppose 0 = 2*d - 6*d + p. Is d composite?
False
Let y(d) = 30*d**3 - 5*d**2 + 7*d + 1. Let i be y(3). Suppose -523 = -0*o - 2*o + 3*l, -3*o + i = -2*l. Is o a composite number?
False
Is 12611/(-4 - 1 - -6) composite?
False
Let y = 1697 + 226. Is y a prime number?
False
Let s(t) = 34*t**3 - 18*t**2 + 11*t - 17. Is s(8) a prime number?
False
Let d = 120 - 117. Let v be 20/(-1) + -1 + 3. Is 91/d - 12/v a composite number?
False
Suppose -6*s + 0*s + 132 = 0. Let f = s + 45. Is f composite?
False
Let z(o) = 862 + 2*o + 145 - 52. Is z(0) a composite number?
True
Let l(y) = 240*y**2 - 19*y + 104. Is l(9) composite?
False
Let k(j) = j**2 + j - 2. Let n be k(2). Suppose -2*d + 88 = -d + 2*p, -p = n*d - 345. Let w = d + -52. Is w a prime number?
False
Let d(z) = -z**3 - 5*z**2 + 6*z + 6. Let w be d(-6). Let h(r) = 0 - r**2 + 2*r**2 - 1 + 2. Is h(w) composite?
False
Suppose -4*c - 10 = -26. Suppose 4104 = 3*l - q, 2*l - c*q = -1462 + 4188. Is l composite?
True
Suppose 2*l + 5*o + 0*o = 22011, -3*o + 33030 = 3*l. Is l composite?
True
Suppose 0 = 5*k + y + 9299, -4*k - 9287 = k - 2*y. Let l = k - -3429. Suppose -10*m - l = -15*m. Is m prime?
False
Let j(r) = -104*r + 13. Let p be j(-6). Let t = p + -126. Is t prime?
False
Let h be 2/(-10) + (-33)/(-15). Suppose 203 - 1255 = -h*c. Is c composite?
True
Suppose -3*x + 4 = h, 0 = -3*x - 5*h - 0 - 4. Suppose -6*v + 2716 = -x*v. Is v prime?
False
Let d = 2100 - -1003. Is d a prime number?
False
Let g = 547 + -260. Is g composite?
True
Suppose -330125 = -14*n + 1196897. Is n composite?
False
Suppose 0 = -3*o, 8*y - 3*y - 25 = 2*o. Suppose 0 = -j + y*c + 782, 0 = 3*j - 5*c + 2*c - 2406. Is j a composite number?
True
Let v = -21078 - -56279. Is v a prime number?
True
Let y(f) = 495*f**3 - 3*f**2 - 7*f - 12. Is y(5) a composite number?
True
Suppose 0 = 5*i - 70 - 195. Suppose -4*z = -3*z + i. Let c = z - -76. Is c prime?
True
Let w(n) = 1. Let f(k) = -25*k - 1. Let s(u) = -f(u) + 3*w(u). Is s(3) a composite number?
False
Let s(j) = 85*j**2 + 12*j - 12. Let v = 39 - 44. Is s(v) prime?
True
Suppose -3*u = 15 - 90. Suppose -6*t + u + 11 = 0. Let c(f) = 114*f + 1. Is c(t) composite?
True
Suppose q + 4*q = 5*z, -4*q + 18 = 5*z. Suppose 2438 = 2*r + 2*w, -2444 = -q*r - 4*w - w. Is r a composite number?
False
Let m = -13 - -15. Let a be m/(-5)*(-163 - 7). Suppose 5*j = -a + 343. Is j a prime number?
False
Let f = -2 + 48. Suppose 2*g - 2*q - 28 = 0, 2*g - 5*g + f = -2*q. Suppose -2915 = -g*y + 13*y. Is y composite?
True
Is (-16869)/(-5 + (-6)/(-3)) a composite number?
False
Let r = -4 - -10. Let u(z) = 4*z - 2. Let w(c) = -5*c + 3. Let n(t) = -2*u(t) - 3*w(t). Is n(r) prime?
True
Let w be 5*4/110 - 228752/(-22). Is (-4 - (-104)/24)/(2/w) prime?
True
Let r be 16 - 1 - (1 + 0). Let p(h) = -h**2 - 6*h + 58. Let k be p(-11). Suppose -r = -k*q + 16. Is q a prime number?
False
Suppose -4*p - 3*s = -4*s - 50091, 4*p - 2*s = 50090. Is p prime?
False
Let w = 5002 - 2689. Suppose 2*r + r = w. Is r a composite number?
True
Let f(b) = b + 15. Let r be f(-10). Suppose r*k = k + 168. Suppose k = 4*w - 94. Is w prime?
False
Suppose 0 = -2*k - 2355 + 18129. Suppose -60*x - k = -63*x. Is x prime?
False
Suppose 3*h = 10 + 17. Is (-8)/(-24) - (-168)/h a composite number?
False
Let a = 316722 + -101425. Is a prime?
True
Suppose 5*t - 16619 = -4*z + 8154, 5*z + 14849 = 3*t. Suppose -2*k = -0*s + s - 1990, -3*s - t = -5*k. Is k a composite number?
True
Suppose 4*c - 85256 - 70460 = 0. Is c a prime number?
False
Let f = -20 - -25. Suppose 5*a = -f, -z = -3*z + 4*a + 1466. Is z prime?
False
Suppose -2*u = 2, i - 2*u - 83 - 43 = 0. Let h = i + -65. Is h a composite number?
False
Let p(q) = q + 4971. Let v be p(0). Suppose 25*w - v = 22*w. Is w composite?
False
Let y be 2/8 - (-27576)/32. Let g = 1900 - y. Suppose 4*h = 3*n - 5*n + g, -778 = -3*h - n. Is h a prime number?
False
Let y be (0 + 1)/((-2)/(-18)). Suppose y = 3*z + 3*a, -3 = -z - 4*a - 0. Is ((-2124)/(-16))/z*4 a composite number?
True
Suppose -5*l = 2*w - 8885, 5*l + w = 3*l + 3554. Is l a composite number?
False
Is (-45)/(-9) + (-1 + 2758 - 1) composite?
True
Let m(j) = -3*j**3 - 8*j**2 - 3*j - 20. Let g be m(-9). Let q = 2435 - g. Is q a prime number?
False
Is (-8)/64 - 2060580/(-32) composite?
True
Let w be 0/(((-1)/(-1))/(-1)). Suppose w = -y + 1 + 1, 0 = h - 3*y + 6. Is 358*((-1)/(-2) + h) composite?
False
Suppose 2*n - 5*l = 4345, -n - 5*l = 4*n - 10775. Suppose c = -2*c + n. Let d = -331 + c. Is d composite?
False
Let m(x) = x**3 + 3*x**2 + 2. Let c be 3 + (-6)/(-9)*-9. Let f be m(c). Suppose -t + f*t - 39 = 0. Is t a composite number?
True
Let x be (-100)/30*1902/(-4). Is (4 + x)*4/14 a prime number?
False
Let k = 1981 + -3993. Let p = k + 1304. Is ((-4)/12)/(4/p) a prime number?
True
Suppose 122*c - 9262 = 120*c. Is c composite?
True
Let m be 6/(-4)*56/(-6). Let n be 10*(m/(-4) - -4). Suppose -b - b + 1543 = n*r, -2311 = -3*b - 4*r. Is b a composite number?
False
Let y = 18730 + -9807. Is y composite?
False
Suppose 4*v - 3132 = -2*v. Suppose m = -m - 5*x + v, m - 4*x = 235. Is m composite?
False
Suppose 0*y - 3*y = -6. Suppose 1056 = 4*f + 3*l + l, y*f + 4*l = 522. Let m = 416 - f. Is m a composite number?
False
Let d(f) = 4*f - 6*f + 3*f - 10. Let i be d(9). Let g(s) = 24*s**2 + 1. Is g(i) composite?
True
Suppose 4*f + f = m, -m + 2*f = -6. Let w = m + -5. Suppose -148 = -4*b + 4*p, w*p + 77 = -5*b + 262. Is b prime?
True
Let x = -51 + 237. Let c = x - -781. Is c a prime number?
True
Suppose -7*o - p - 13218 = -8*o, -o - 2*p + 13233 = 0. Is o a composite number?
True
Let x(t) = t**2 + 8*t - 11. Let k be x(-14). Suppose 3*h + 245 = 2*q, q - k - 17 = -5*h. Let f = q + -20. Is f a composite number?
True
Let x(a) be the first derivative of 4*a**4/3 + a**3/2 - a**2/2 + 9*a + 7. Let h(k) be the first derivative of x(k). Is h(-6) composite?
False
Suppose 326*t + 17907 = 329*t. Is t a composite number?
True
Is 29/(66/4202*2/6) prime?
False
Suppose -2*p = 2*h + 6, -4*p + 6*p - 12 = 4*h. Is ((64/(-4))/(-4) + h)*467 a composite number?
False
Let p = -11 + -7. Let b be ((-145)/4)/(17/68). Let g = p - b. Is g a prime number?
True
Let u = 5 - 5. Let s(m) = m**2 + 8 + 3 + u + 2*m. Is s(-12) a prime number?
True
Let t be 11/2 - (-2)/4. Let q = t - 18. Is ((-70)/(-3))/((-8)/q) a composite number?
True
Let j = 54 - 51. Suppose 147 = 4*y + 4*f - 93, -174 = -j*y + 3*f. Is y a prime number?
True
Is (503/4)/(-21 - 935/(-44)) composite?
False
Is (3938580/24)/15*2 prime?
True
Suppose 2*k + 1 + 3 = 0, -3*h - 9 = 3*k. Let j be 6/1*h/(-2). Suppose -t = j*t - 88. Is t a composite number?
True
Suppose -3*t - 4*c = -86433, 5*t - 144026 = -2*c + 5*c. Is t prime?
True
Suppose f = -6*r + 10*r - 26543, 4*r - 26538 = 2*f. Is r a composite number?
False
Suppose 468 = p + 5*p. Let d = p - 55. Is d a prime number?
True
Suppose 0 = 3*r - r - 3186. Suppose 0 = -4*l - r - 1859. Let s = -596 - l. Is s composite?
True
Let s(a) = 399*a - 212. Is s(11) a composite number?
False
Let k(a) = 5*a**2 + 14. Let w(d) = -d**3 - 4*d**2 + 5*d - 8. Let m be w(-5). Is k(m) prime?
False
Suppose 0 = 111*g - 103*g - 952. Is g a prime number?
False
Suppose -7*g = 6 - 27. Suppose 3*l - 2539 = -5*a - l, g*a - 2*l - 1541 = 0. Is a a composite number?
True
Let q(o) = 3*o**3 - o**2 - 39*